+ 24*f - 10. Is v(-13) prime?
False
Let l(c) = c**2 - 5*c + 9. Let b be l(2). Is 1/(b - 5512/1838) - 0 composite?
False
Let x = 106 + 982. Let r = x + 398. Is r a composite number?
True
Let o = 285 + -74. Is o a composite number?
False
Is (-4)/(-40) - (-8035947)/230 prime?
True
Is (-59692)/10*95/(-38) prime?
True
Suppose -23*t = -2*s - 19*t + 21794, 5*t = -5*s + 54515. Is s a composite number?
True
Let h = 796 + -460. Suppose 0*l = -l + 113. Let y = h - l. Is y a prime number?
True
Let n be (-45552)/(-84) - 4/14. Suppose 0 = -2*k + n + 302. Is k composite?
True
Let m = 30 - 37. Let s(g) = -g**3 + g - 7. Is s(m) a prime number?
False
Let b = -15 + 21. Let j = -8 + b. Is (3 - (-8)/j)*-791 a prime number?
False
Let d be (-27)/(-9) + 4*2381. Suppose -9535 = -5*j + 5*p, 0*p - p - d = -5*j. Is (j/10)/(2/4) a composite number?
True
Suppose -22443 - 17332 = -25*t. Is t a prime number?
False
Suppose 3*s - a - 110 = 0, 0 = -3*s + 2*s + 4*a + 22. Let j = s + -26. Is ((-17)/2)/((-3)/j) composite?
True
Suppose -116296 = -18*t + 88886. Is t a prime number?
True
Let b be (-2)/4*4 - (-40)/5. Let z(y) = y**3 - y**2 + 8*y - 5. Is z(b) composite?
False
Suppose 0 = 2*r - r - 5*c - 249, -r = 4*c - 276. Suppose 3*u - u = r. Let i = u + -85. Is i composite?
False
Suppose -4*r - 9 = -25. Suppose 2138 + 478 = r*z. Is (6/(-3))/((-4)/z) a composite number?
True
Let f(d) = 339*d**2 + 89*d + 23. Is f(7) a composite number?
False
Let y be -2 - 0 - 5*-1. Let f be 6/54 + 6208/18. Suppose 0 = k + 3*v - 69, -f = -5*k - 0*k - y*v. Is k prime?
False
Suppose -4*k = -2*k. Suppose k = -2*b + 3*y - 5 - 3, 3*y - 12 = 0. Suppose b*r + 2*r = 56. Is r a composite number?
True
Let i(u) = u**2 + 5*u + 4. Let o be i(-5). Is (-1)/((-237)/59 + o) composite?
False
Let x(j) = -4 - 5*j**2 + 20*j**3 - j - j**3 - 34*j**3. Let p be x(-4). Suppose -t - 129 = 2*k - 482, 3*t = -5*k + p. Is k composite?
False
Suppose 3*f - 236830 = -2*j - 98777, -3*f + 2*j + 138073 = 0. Is f prime?
True
Suppose -3*m - g = -26410, 0 = m - 0*m - g - 8802. Is m composite?
False
Let m = 41 - 89. Suppose -3*k + 3*l = 429, -5*l = 2*k - 4*l + 283. Let r = m - k. Is r a composite number?
True
Is 3452 - ((-8)/16)/((-3)/(-30)) composite?
False
Suppose -g = 138 + 70. Let q = 759 + g. Is q prime?
False
Is -3*((-5118)/9)/(18/9) composite?
False
Suppose -m = -3*t + 12 - 3, 2*m + 6 = 3*t. Suppose t*v - 170 = 5*v. Let j = v + 463. Is j composite?
False
Let s(m) be the first derivative of 18*m**2 - 15*m + 6. Is s(11) a composite number?
True
Suppose -3*d + 11 = -4*y, -d + 5 = 5*y - 24. Let b(x) = 2*x + 11*x**2 - 5*x**2 + 4*x**2 + d*x + x**3 + 9. Is b(-8) prime?
False
Suppose -48*x - 3*w - 44 = -50*x, -4*w + 83 = 3*x. Let n = -11 - -169. Let z = n + x. Is z composite?
True
Suppose 3*z + 4*c - 7191 = 0, -3373 = -3*z + c + 3803. Is z composite?
False
Suppose -x - 5125 = -6*x. Let q = x + -454. Is q composite?
False
Let g(f) = -17*f + 11 + 382*f - 15. Let q(a) = -364*a + 4. Let j(y) = 3*g(y) + 4*q(y). Is j(-1) a prime number?
False
Suppose -2*i + 4*t + 128 = -6*i, 104 = -3*i + 5*t. Let n = i + 41. Let k = n + -2. Is k composite?
True
Suppose -4*q = t - 0*t - 13059, -t - q = -13062. Is t a prime number?
True
Is -6 + 4 + (-14)/(126/(-129627)) a composite number?
False
Let g(i) = 32*i - 1. Let f(t) = t - 1. Let w be f(8). Suppose 0 = 3*j - w - 5. Is g(j) prime?
True
Let p = 1711 + 20902. Is p a composite number?
False
Let q(v) = -v**3 + 35*v**2 - 59*v + 68. Is q(30) a prime number?
False
Suppose -6018 = -5*t + 10177. Is t composite?
True
Let m be -4 - (-16)/((-2)/(-1)). Suppose 406 = m*c - 358. Is c prime?
True
Let u be ((-12)/(-3) - 3)*-1. Let f be (u - (-40 + -4))*-1. Let n = 64 + f. Is n composite?
True
Let k be 2/(-9) + (-528)/54. Let f be (-3 + 0)*29/(-3). Let y = k + f. Is y a composite number?
False
Let t = 2912 - 339. Is t a composite number?
True
Let u(i) = 13*i**2 - 19*i - 4. Let h(p) = -13*p**2 + 19*p + 5. Suppose 3*z - 2*a - 2 = 0, -2*a + 2 = z - 12. Let s(m) = z*u(m) + 3*h(m). Is s(8) composite?
True
Suppose -t = 445 - 35. Let f = 221 - t. Is f prime?
True
Let u(o) = o**2 + o - 7. Let w be u(0). Let x(n) = -3*n - 17. Let z be x(w). Suppose -4*l + 1177 = 5*b, z*l = -3*b - 0*b + 1175. Is l composite?
False
Suppose 3*h + 4*n - 238 = 0, 3*n - 65 - 6 = -h. Let y = -34 + h. Let c = y - 26. Is c a prime number?
False
Let z(s) = -137*s**2 + 4*s + 2. Let w(b) = -138*b**2 + 3*b + 2. Let h(f) = -6*w(f) + 5*z(f). Is h(1) composite?
True
Suppose -3*u = -2*z + 13996, 0 = 5*z + 4*u - 7483 - 27484. Is z composite?
True
Let i(r) = -5*r - 7. Let z be i(-5). Let j = -10 + z. Let q = j - -50. Is q composite?
True
Suppose 52*y - 54*y = -3*d + 67813, 3*y = 3*d - 67815. Is d a composite number?
True
Suppose 0 = 5*g - 10 - 240. Suppose -m = -81 - g. Is m a composite number?
False
Let d(g) = 8073*g**2 - 2*g + 5. Is d(2) a composite number?
True
Let x(u) = -u**2 - 6*u - 10. Let q be x(-10). Let m be ((-16)/(-10))/((-20)/q). Suppose -6*z + m*k + 760 = -4*z, -z + 381 = -k. Is z a prime number?
False
Is -6 + 14 + 12271 + -2 + -4 composite?
True
Let v be 3 - (-8)/(-6)*18/4. Is 3 - (-6 - -424)*(v - -1) composite?
False
Let x(r) be the third derivative of r**5/60 + r**4/2 + 17*r**3/2 - 4*r**2. Is x(-26) composite?
True
Suppose 5*s - 3*l = 12779, -2*l = -2*s + 3*l + 5123. Is s a composite number?
True
Suppose -5*v = 11 - 21. Let s = 220 + 88. Suppose s = v*j + 2*j. Is j a composite number?
True
Suppose i = 5*l + 5*i - 1426, -4*i - 548 = -2*l. Let x(r) = -15*r + 128. Let n be x(8). Is 7/(-28) + l/n prime?
False
Suppose 0 = -4*u + 5*h + 116, 4*u - 94 = -2*h - 6. Is (1201/(-3))/((-8)/u) composite?
False
Let r be (-6)/16 - (-171)/72. Suppose 0 = -5*h + 5*w - 4*w + 5434, 0 = -r*w + 2. Is h prime?
True
Suppose 3*d + f = 353, 3*d + 2*f - 350 = 2. Suppose h = -3*n + 49, 5*h + n - 57 - d = 0. Is h prime?
False
Let p = 39777 - 21076. Is p prime?
True
Let t(h) = 2*h**3 - 3. Let d be 2/3 + 184/(-24). Let u be 14/d - (-5 - 0). Is t(u) a prime number?
False
Let n = -40 - -44. Is (n*(-2)/12)/(2/(-369)) composite?
True
Let b = -54 + 56. Suppose b*r = r + 787. Is r prime?
True
Let c(i) = 12*i**2 - 7. Let p(a) = -a**2 + 8*a - 7. Let h be p(5). Let o = 13 - h. Is c(o) a composite number?
False
Let a be (8*(-6)/12)/((-2)/7). Let s(q) = 18*q - 1. Is s(a) composite?
False
Let w(g) be the second derivative of -11*g**3/3 - 23*g**2/2 + 41*g. Suppose -d - 2*o - 23 = 0, -5*d - 5*o = -3*o + 75. Is w(d) prime?
True
Let x(y) = 2*y**2 - 2*y - 2. Let n be x(-1). Suppose 0 = -n*d - 605 + 3547. Is d composite?
False
Suppose -3*w + 5*q = 190, -5*q = w - 9 + 59. Let h = w - -219. Is h a prime number?
False
Let y(c) = c**3 + 12*c**2 - 6*c - 16. Let o be (5/15)/(2/(-66)). Let l be y(o). Let x = l + -62. Is x prime?
True
Is ((-1 - 0)/6)/(408/(-34181424)) prime?
True
Let c = -10 - -7. Let i(t) be the first derivative of t**3/3 - 2*t**2 - 2*t + 3. Is i(c) a prime number?
True
Suppose -12*l = -14*l + 8. Is -1 + 709*24/l a prime number?
True
Let c(j) = 103*j**3 - 4*j**2 - 2*j + 1. Is c(4) a prime number?
True
Let p(z) = -53*z + 11. Let d(n) = -13*n + 3. Let x(k) = 9*d(k) - 2*p(k). Is x(-4) a prime number?
False
Suppose 0 = 5*u - 4*s - 41410, -2*u + 4*s + 7120 = -9432. Is (-2)/7 + (2 - u/(-42)) prime?
True
Suppose 5*y - y = 5*i + 100, 4*y - 20 = 0. Is (-288)/(-5) + 1 - i/40 composite?
False
Let u be (-9*4/(-12))/(-1). Is (-1 + (-5)/u)/((-4)/(-30390)) a prime number?
False
Let k = 14193 + -6814. Is k composite?
True
Suppose 4*m + 60 = 2*i, 3*m = 3*i - 76 - 2. Let a = -18 + i. Suppose 4*f = f + a*r + 38, f = -r + 15. Is f prime?
False
Is (-171006)/99*(-3 + 0) a prime number?
False
Let i be -9*(-6)/(-9)*(-892)/8. Let h(f) = -5*f. Let o be h(-1). Suppose i = -o*g + 8*g. Is g a composite number?
False
Let m(n) = 3*n + 12. Let y be m(-5). Let p be 6*(y - (-3 - 1)). Is ((-1239)/14)/((-3)/p) prime?
False
Let p(d) = 3*d**2 + 27*d + 8. Let z be p(-9). Let v(w) = -w**3 + 8*w**2 - 2 - w + 2*w**2 + 0*w**3. Is v(z) prime?
False
Let o be 4/14 - (-180)/(-42). Let p be 2/o - 14/(-4). Suppose -8*y + p*y + 110 = 0. Is y prime?
False
Let x(s) = -140*s + 1. Let y(i) = i**2 - 10*i + 8. Let c be y(9). Let t be x(c). Suppose -2*u + 461 + t = 0. Is u composite?
True
Suppose -3*f + 5898 = f + 3*c, f - 1477 = -2*c. Suppose -4